z) + u(z). Let m be o(-4). What is i(m)?
-6
Let l(u) = -4*u**3 - u**2 + 9*u - 6. Suppose -4*q - 5*w + 20 = 0, -20 = -2*q - 2*q - 4*w. Let m(t) = -t**3 + t**2 + t. Let p(k) = q*m(k) - l(k). Determine p(5).
11
Let d(r) be the first derivative of r**3 + r + 2. Suppose -b + 4*s + 0*s = -2, b = -s + 2. Let f be (0 + -1)*2/b. What is d(f)?
4
Let h be 2 + -2 + 4/4. Let b(v) = 5*v**2 + 2*v - 1. Give b(h).
6
Let a = -3 + 4. Let y(f) = -2. Let k(s) = -3*s + 1. Let i(q) = -k(q) - y(q). Give i(a).
4
Suppose 0 = -5*i - 4*j + 20, 2*i - j + 10 = j. Suppose i = 4*q - 0*q. Let l be 3 + -2 - (q - 3). Let b(a) = -a**2 + 4*a - 4. Give b(l).
-4
Let j(u) = -u**2 - 6*u - 6. Let m = -22 - -10. Suppose -2*b + 35 = 3*b. Let n = m + b. Calculate j(n).
-1
Let p(y) = y**3 - 6*y**2 + 4*y - 1. Suppose 3*f + 5*b - 4 = -5, -4*f = -b - 14. Let n(s) = s**3 - 7*s**2 + 5*s - 1. Let t(x) = f*p(x) - 2*n(x). What is t(3)?
-4
Let q(m) = 15*m**2 - 1. Let f be (-54)/(-66) + 2/11. Determine q(f).
14
Suppose 2*q - 2*m - 1 = -q, 2 = 2*m. Let b(u) be the third derivative of 1/60*u**5 + 0*u + 0 + 5*u**2 - 1/6*u**3 + 1/24*u**4. Calculate b(q).
1
Suppose 3*x - v = 19, -2*x + 5*x - 11 = -v. Suppose x*t - 5*g - 5 = 0, -t - 8 = -3*g - g. Let m(j) = 7*j. Let s(q) = q. Let k(n) = -m(n) + 6*s(n). What is k(t)?
-4
Let x(l) be the first derivative of l**2 - 2*l + 1. Let k be (4 + 42/(-9))/(2/(-9)). What is x(k)?
4
Let l(w) = 2*w - 3. Suppose 4*c - z - 14 = 0, 0 = 4*c - 2*c - z - 8. Calculate l(c).
3
Let g be 2/5*(-1 - -6). Suppose -z + g = z. Let b(y) = -3*y. Let a(j) = 2*j. Let r(h) = 7*a(h) + 5*b(h). Give r(z).
-1
Let m(q) be the second derivative of -2*q**2 + 0 + 1/3*q**3 - 4*q + 1/12*q**4. Determine m(3).
11
Let l(q) be the third derivative of -q**4/12 + q**3/3 + 4*q**2. Determine l(4).
-6
Let t(x) = 3*x - 5. Let s be (-6)/(-42) - 54/(-14). Give t(s).
7
Let j(c) be the first derivative of c**2/2 + 3*c + 19. Determine j(3).
6
Let t(p) = 2*p + 14. Let g be t(-6). Let b(a) = -a**3 + 3*a**2 - 2. Give b(g).
2
Let f = -3 - -2. Let l(w) = w**3 - 6*w**2 + w - 4. Let m be l(6). Let c(v) = -1 + 9*v**2 - v**2 - v**m. What is c(f)?
6
Let a be (-4)/((-4 - 1) + 1). Let s(p) = -2*p**3 + p**2 - p + 1. Determine s(a).
-1
Suppose 6*t - t - 10 = -5*a, 5*t - 8 = -3*a. Let d(m) = 4*m + 1. Calculate d(t).
5
Let k(i) = i**3 - 2*i - 1. Suppose 0 = -2*c + 6*c + 24. Let y = c + 4. Determine k(y).
-5
Let l(q) = -q**3 + 2*q**2 - 3*q + 3. Let n(d) = -d. Let c(p) = -l(p) + 5*n(p). Let m be (12 - -2) + (-4)/(-2). Suppose 0 = 4*w - m + 4. What is c(w)?
0
Let g be 112/(-24)*6/(-4). Let y(i) = -i**3 + 8*i**2 - 9*i + 7. Calculate y(g).
-7
Let p(g) be the first derivative of -g**2/2 - 3*g - 9. Calculate p(-5).
2
Let j(p) be the third derivative of p**5/30 + p**4/12 - p**3/6 - p**2. Determine j(-3).
11
Let w(q) = q**2 - 8*q + 2. Let t be 26/13 + -3 + -1. Let g be (t/4)/(1/(-12)). Give w(g).
-10
Let m(z) = 4*z. Let b(c) = 9*c. Let n(j) = -2*b(j) + 5*m(j). Let v = 2 + 1. Give n(v).
6
Let o(u) be the first derivative of -u**2/2 - 2*u - 10. Give o(7).
-9
Let x(y) = -2*y**3 + 4*y + 4*y - 3*y + 1 + 4*y**2 + y**3. Let r = 27 + -6. Let p be 2/(r/15 - 1). What is x(p)?
1
Let p = -14 + 8. Let l(n) = -n**3 - 6*n**2 - 7. Determine l(p).
-7
Let t(w) = -w**3 - 7*w**2 - 9*w - 14. Let p be t(-6). Let u(b) = -b**3 + 5*b**2 - 7*b + 6. Calculate u(p).
-6
Let y = -15 - -12. Let h(k) = -2*k**2 - 4*k - 4. Determine h(y).
-10
Let b = 2 + 2. Suppose -32 + 8 = -b*w. Let k(x) = -x**2 + 4*x + 7. What is k(w)?
-5
Let l(i) = -i - 1. Suppose 0 = 3*y + 2*y + 35. Let w = y + 11. What is l(w)?
-5
Let v(p) be the third derivative of -p**5/60 + p**4/4 - 7*p**3/6 + p**2. What is v(6)?
-7
Let q be -5 - 1 - (-1 - 3). Let f(j) = -7*j**2 - 7*j. Let n(b) = 3*b**2 + 3*b. Let d = 29 - 14. Let g(x) = d*n(x) + 6*f(x). What is g(q)?
6
Suppose 2*b + 2*d = 22, 3*d = 5*b - 0*d - 15. Let z(l) = -l**2 + 8*l - 7. Calculate z(b).
5
Let n be 2 + 1 - (-8 + 8). Let g(j) = 5*j - 4*j**n + 3*j**3 - 1 - 3*j + 3*j**3 - 2*j**2. Give g(1).
1
Suppose 1 = 4*d + 4*l - 15, -l = 2*d - 3. Let z(g) = 2*g. What is z(d)?
-2
Let g = -17 - -10. Let c(o) = -o**2 + 9*o - 3. Let s(h) = 5*h**2 - 37*h + 14. Let w(k) = -9*c(k) - 2*s(k). Determine w(g).
-1
Let f(u) = u**3 - u**2 + u + 1. Let w be f(0). Suppose 4 = -4*x, 4*y = x + 8 + w. Let g(r) = y*r**2 + 4*r - 3*r - 2*r. Determine g(2).
6
Suppose 3 - 5 = -2*z. Let o = 1 + 3. Suppose 0 = 2*d + v - z, -d - o*d + 7 = 4*v. Let r(m) = m**3 - 2*m**2 - 2*m - 1. Give r(d).
-2
Let c(p) = -2*p**3 - 7*p**2 - 8*p. Let d(w) = 3*w**3 + 10*w**2 + 12*w. Let i(a) = 8*c(a) + 5*d(a). Let j = -39 + 34. What is i(j)?
-5
Suppose -5*g - 5 - 5 = 0. Let r(p) = p**2 - 2*p - 3. Give r(g).
5
Let o(p) be the third derivative of -p**5/20 + p**4/8 - p**3/6 - 7*p**2. What is o(2)?
-7
Let v(u) = -u**3 - 8*u**2 + 19*u - 6. Let p be v(-10). Let g(r) be the first derivative of -3/4*r**p + 1/3*r**3 - 2 + 0*r**2 + 0*r. Calculate g(1).
-2
Let o(l) = 4*l**3 + 6*l**2 - 9*l + 4. Let v(h) = -2*h**2 + h**3 + 2*h**2 + 1 + 0*h - h. Let z(y) = o(y) - 5*v(y). What is z(5)?
4
Let w(i) = -13*i**2 - 15*i - 10. Let n(v) = -9*v**2 - 10*v - 7. Let p(j) = -7*n(j) + 5*w(j). Calculate p(-4).
-13
Let r(j) be the second derivative of -j**4/12 - j**3/2 - j**2 - j. Let m(n) = -n - 1. Let h(a) = 3*m(a) + r(a). Let p be 1/(-2 + (-9)/(-5)). Calculate h(p).
0
Let q(p) = p - 2. Let n(f) = -f**2 + 10*f - 9. Let r be n(6). Suppose -a - 4*a + r = 0. Let x be (-2)/(0 + 2) - a. Give q(x).
-6
Let z(s) = s + 4. Let x be z(-5). Suppose 8 = w + 3*w. Let u(o) = -o - o + 0*o - w*o. Give u(x).
4
Let r be -5 + -1 - 0/2. Let z(a) = 2*a - 19*a**2 + 2 + 5 - 1 + 25*a**2 + a**3. Calculate z(r).
-6
Let w = -8 + 5. Let t(o) = 10*o**2 + 2*o - 2. Let h(a) = 19*a**2 + 4*a - 3. Let n(x) = w*h(x) + 5*t(x). Give n(-1).
-6
Let i(s) = 6*s + s**2 - 1 + 0*s**2 + 7. Calculate i(-6).
6
Let l(m) = 2*m - 5 - m - 2*m. Let s = -7 - -7. What is l(s)?
-5
Let d = -3 + 5. Let c(m) = 5*m - 2 - 6*m - 2*m. Give c(d).
-8
Let j(x) = -5*x**3 + x**2 + 2*x + 1. Let n(f) = 2*f - 13. Let r be n(6). What is j(r)?
5
Let o(u) = 6*u**3 - u**2 + u. Let m be (-4)/(-12)*-3 - -2. Calculate o(m).
6
Let i(w) = -w**2 + 6*w - 6. Let l be (1 + -3)/((-10)/20). What is i(l)?
2
Let b(h) = h**2 - h. Let y(f) = 7*f**2 + 2*f. Let x(u) = 6*b(u) - y(u). Calculate x(-7).
7
Let b(w) = 6*w**2 + 5*w. Suppose -r + 1 - 2 = 0. Let o(s) = -s**2. Let d(n) = n**2 + 6*n. Let k(a) = r*d(a) + 6*o(a). Let v(c) = -6*b(c) - 5*k(c). Give v(-3).
-9
Suppose 4*t = -t - 30. Let q(o) = -2*o - 9. Determine q(t).
3
Let t(r) = 2*r + 5 - 2 + 4. Let s be t(-8). Let g(i) = -2*i**2 + 17*i + 9. Let x(k) = -k**2 + 8*k + 4. Let l(w) = s*x(w) + 4*g(w). Determine l(3).
-3
Let m be 26 + -3 + (-3 - -1). Let o = m - 15. Let w(h) = -h + 1 + 5 + h**2 - o*h. Calculate w(5).
-4
Suppose 3*p = 2*p + 2. Suppose -7 = u - p. Let c(z) = -z - 8. What is c(u)?
-3
Let g(o) be the third derivative of o**4/12 - o**3/2 - o**2. Let x(n) be the first derivative of 2*n**2 - 6*n + 3. Let c(i) = 13*g(i) - 6*x(i). What is c(5)?
7
Let k(u) = -14 - 66*u + 65*u - 2*u**3 + 3*u**3 + 13*u**2. Determine k(-13).
-1
Suppose -8 = -5*u + 3*z, 8 = 5*u - 5*z - 2. Let b = -4 + 6. Let q(n) = -3*n**b - n**2 + 2*n**2. Determine q(u).
-2
Suppose -3 - 1 = -2*h - k, 21 = 5*h - 3*k. Let c(s) = s - 8*s**h + 0*s**2 + 9*s**3 - 3*s**2. Determine c(2).
-2
Let c be 12*(0 - (-2)/4). Let j(b) = -b**2 - b. Let a(f) = f**2 + 9*f + 3. Let k(w) = a(w) + 2*j(w). What is k(c)?
9
Let m(p) = -p**2 - p - 136 + 138 + 0*p. Let t(s) = -s**3 + 7*s**2 - 5*s - 4. Let r be t(6). What is m(r)?
-4
Let u(s) = -2 + 0*s - 2*s + 10 + 4*s. Give u(-5).
-2
Let a(k) be the second derivative of k**5/20 + k**4/3 + k**3/3 - k**2 + 28*k. Give a(-4).
-10
Let i(h) = h + 7. Suppose -2*c - 30 = 4*m + m, 2*m + c + 12 = 0. Let o(x) = 3*x + 21. Let q(r) = m*o(r) + 17*i(r). Calculate q(-6).
-1
Let z be (7 + -5)*(-4)/(-8). Let j(n) = -7*n**3 + 2*n**2 - n. What is j(z)?
-6
Let c = 17 - 15. Let a(y) = 2*y**3 - 1 - 10*y**3 - 3*y**c + 3*y**2. Determine a(-1).
7
Suppose -3*n + 4*n = -18. Let a be (2/(-6))/(2/n). Let y(o) be the third derivative of -o**4/8 + o**3/3 + o**2. Give y(a).
-7
Let n(y) be the second derivative of y**5/20 + y**3/6 + y**2/2 + 2*y. Calculate n(-1).
-1
Let j(c) = 3*c + 3. Let s be j(-2). Let a(m) 